{"id":215,"date":"2022-06-22T22:43:19","date_gmt":"2022-06-22T22:43:19","guid":{"rendered":"https:\/\/maxhormigon.com\/?page_id=215"},"modified":"2024-12-16T21:16:28","modified_gmt":"2024-12-16T21:16:28","slug":"mhax-ingenieria","status":"publish","type":"page","link":"https:\/\/maxhormigon.com\/index.php\/mhax-ingenieria\/","title":{"rendered":"MHAX INGENIER\u00cdA"},"content":{"rendered":"\t\t<div data-elementor-type=\"wp-page\" data-elementor-id=\"215\" class=\"elementor elementor-215\">\n\t\t\t\t\t\t\t\t\t<section class=\"elementor-section elementor-top-section elementor-element elementor-element-ac330fc elementor-section-full_width elementor-section-height-full elementor-section-height-default elementor-section-items-middle\" data-id=\"ac330fc\" data-element_type=\"section\" data-settings=\"{&quot;background_background&quot;:&quot;slideshow&quot;,&quot;background_slideshow_gallery&quot;:[{&quot;id&quot;:225,&quot;url&quot;:&quot;https:\\\/\\\/maxhormigon.com\\\/wp-content\\\/uploads\\\/2022\\\/06\\\/CONSTRUCCION-EN-QUITO-4.jpg&quot;},{&quot;id&quot;:227,&quot;url&quot;:&quot;https:\\\/\\\/maxhormigon.com\\\/wp-content\\\/uploads\\\/2022\\\/06\\\/CONSTRUCCION-EN-QUITO.jpg&quot;},{&quot;id&quot;:228,&quot;url&quot;:&quot;https:\\\/\\\/maxhormigon.com\\\/wp-content\\\/uploads\\\/2022\\\/06\\\/HORMIGONPROYECTADO.jpeg&quot;},{&quot;id&quot;:219,&quot;url&quot;:&quot;https:\\\/\\\/maxhormigon.com\\\/wp-content\\\/uploads\\\/2022\\\/06\\\/CONSTRUCCION-PROYECTOS-INDUSTRIALES-3.jpg&quot;},{&quot;id&quot;:229,&quot;url&quot;:&quot;https:\\\/\\\/maxhormigon.com\\\/wp-content\\\/uploads\\\/2022\\\/06\\\/PISOS-INDUSTRIALES-6.jpg&quot;},{&quot;id&quot;:220,&quot;url&quot;:&quot;https:\\\/\\\/maxhormigon.com\\\/wp-content\\\/uploads\\\/2022\\\/06\\\/MUROS-QUITO-3.jpg&quot;},{&quot;id&quot;:222,&quot;url&quot;:&quot;https:\\\/\\\/maxhormigon.com\\\/wp-content\\\/uploads\\\/2022\\\/06\\\/CONSTRUCCION-DE-EDIFICIOS-6.jpg&quot;},{&quot;id&quot;:223,&quot;url&quot;:&quot;https:\\\/\\\/maxhormigon.com\\\/wp-content\\\/uploads\\\/2022\\\/06\\\/CONSTRUCCION-DE-EDIFICIOS.jpg-2-1.jpeg&quot;},{&quot;id&quot;:221,&quot;url&quot;:&quot;https:\\\/\\\/maxhormigon.com\\\/wp-content\\\/uploads\\\/2022\\\/06\\\/CONSTRUCCION-DE-BASES-PARA-TORRES-DE-TELECOMUNICACIONES.jpeg&quot;},{&quot;id&quot;:226,&quot;url&quot;:&quot;https:\\\/\\\/maxhormigon.com\\\/wp-content\\\/uploads\\\/2022\\\/06\\\/CONSTRUCCION-EN-QUITO-6.jpg&quot;},{&quot;id&quot;:230,&quot;url&quot;:&quot;https:\\\/\\\/maxhormigon.com\\\/wp-content\\\/uploads\\\/2022\\\/06\\\/PROYECTOS-INDUSTIRALES-4.jpeg&quot;}],&quot;background_slideshow_slide_duration&quot;:3000,&quot;background_slideshow_transition_duration&quot;:100,&quot;background_slideshow_loop&quot;:&quot;yes&quot;,&quot;background_slideshow_slide_transition&quot;:&quot;fade&quot;}\">\n\t\t\t\t\t\t\t<div class=\"elementor-background-overlay\"><\/div>\n\t\t\t\t\t\t\t<div class=\"elementor-container elementor-column-gap-default\">\n\t\t\t\t\t<div class=\"elementor-column elementor-col-100 elementor-top-column elementor-element elementor-element-536f25c\" data-id=\"536f25c\" data-element_type=\"column\">\n\t\t\t<div class=\"elementor-widget-wrap elementor-element-populated\">\n\t\t\t\t\t\t\t\t<div class=\"elementor-element elementor-element-7af769a elementor-widget elementor-widget-heading\" data-id=\"7af769a\" data-element_type=\"widget\" data-widget_type=\"heading.default\">\n\t\t\t\t<div class=\"elementor-widget-container\">\n\t\t\t<style>\/*! elementor - v3.6.5 - 27-04-2022 *\/\n.elementor-heading-title{padding:0;margin:0;line-height:1}.elementor-widget-heading .elementor-heading-title[class*=elementor-size-]>a{color:inherit;font-size:inherit;line-height:inherit}.elementor-widget-heading .elementor-heading-title.elementor-size-small{font-size:15px}.elementor-widget-heading .elementor-heading-title.elementor-size-medium{font-size:19px}.elementor-widget-heading .elementor-heading-title.elementor-size-large{font-size:29px}.elementor-widget-heading .elementor-heading-title.elementor-size-xl{font-size:39px}.elementor-widget-heading .elementor-heading-title.elementor-size-xxl{font-size:59px}<\/style><h2 class=\"elementor-heading-title elementor-size-default\">INGENIER\u00cdA Y CONSTRUCCI\u00d3N <\/h2>\t\t<\/div>\n\t\t\t\t<\/div>\n\t\t\t\t<div class=\"elementor-element elementor-element-a3066ea elementor-widget elementor-widget-heading\" data-id=\"a3066ea\" data-element_type=\"widget\" data-widget_type=\"heading.default\">\n\t\t\t\t<div class=\"elementor-widget-container\">\n\t\t\t<h2 class=\"elementor-heading-title elementor-size-default\">De infraestructura especializada<\/h2>\t\t<\/div>\n\t\t\t\t<\/div>\n\t\t\t\t<div class=\"elementor-element elementor-element-7fd046f elementor-widget elementor-widget-html\" data-id=\"7fd046f\" data-element_type=\"widget\" data-widget_type=\"html.default\">\n\t\t\t\t<div class=\"elementor-widget-container\">\n\t\t\t<!-- Event snippet for Website sale conversion page -->\r\n<script>\r\n  gtag('event', 'conversion', {\r\n      'send_to': 'AW-10803706475\/l5XpCJmIvoMDEOv0zZ8o',\r\n      'transaction_id': ''\r\n  });\r\n<\/script>\t\t<\/div>\n\t\t\t\t<\/div>\n\t\t\t\t\t<\/div>\n\t\t<\/div>\n\t\t\t\t\t\t\t<\/div>\n\t\t<\/section>\n\t\t\t\t<section class=\"elementor-section elementor-top-section elementor-element elementor-element-78d376b elementor-section-boxed elementor-section-height-default elementor-section-height-default\" data-id=\"78d376b\" data-element_type=\"section\">\n\t\t\t\t\t\t<div class=\"elementor-container elementor-column-gap-default\">\n\t\t\t\t\t<div class=\"elementor-column elementor-col-16 elementor-top-column elementor-element elementor-element-26d2256\" data-id=\"26d2256\" data-element_type=\"column\">\n\t\t\t<div class=\"elementor-widget-wrap elementor-element-populated\">\n\t\t\t\t\t\t\t\t<div class=\"elementor-element elementor-element-000c261 elementor-align-center elementor-widget elementor-widget-button\" data-id=\"000c261\" data-element_type=\"widget\" data-widget_type=\"button.default\">\n\t\t\t\t<div class=\"elementor-widget-container\">\n\t\t\t\t\t<div class=\"elementor-button-wrapper\">\n\t\t\t<a href=\"#\" class=\"elementor-button-link elementor-button elementor-size-sm\" role=\"button\">\n\t\t\t\t\t\t<span class=\"elementor-button-content-wrapper\">\n\t\t\t\t\t\t<span class=\"elementor-button-text\">Muros<\/span>\n\t\t<\/span>\n\t\t\t\t\t<\/a>\n\t\t<\/div>\n\t\t\t\t<\/div>\n\t\t\t\t<\/div>\n\t\t\t\t\t<\/div>\n\t\t<\/div>\n\t\t\t\t<div class=\"elementor-column elementor-col-16 elementor-top-column elementor-element elementor-element-82d8f3b\" data-id=\"82d8f3b\" data-element_type=\"column\">\n\t\t\t<div class=\"elementor-widget-wrap elementor-element-populated\">\n\t\t\t\t\t\t\t\t<div class=\"elementor-element elementor-element-8850719 elementor-align-center elementor-widget elementor-widget-button\" data-id=\"8850719\" data-element_type=\"widget\" data-widget_type=\"button.default\">\n\t\t\t\t<div class=\"elementor-widget-container\">\n\t\t\t\t\t<div class=\"elementor-button-wrapper\">\n\t\t\t<a href=\"#\" class=\"elementor-button-link elementor-button elementor-size-sm\" role=\"button\">\n\t\t\t\t\t\t<span class=\"elementor-button-content-wrapper\">\n\t\t\t\t\t\t<span class=\"elementor-button-text\">Estructura Met\u00e1lica<\/span>\n\t\t<\/span>\n\t\t\t\t\t<\/a>\n\t\t<\/div>\n\t\t\t\t<\/div>\n\t\t\t\t<\/div>\n\t\t\t\t\t<\/div>\n\t\t<\/div>\n\t\t\t\t<div class=\"elementor-column elementor-col-16 elementor-top-column elementor-element elementor-element-8c29ce5\" data-id=\"8c29ce5\" data-element_type=\"column\">\n\t\t\t<div class=\"elementor-widget-wrap elementor-element-populated\">\n\t\t\t\t\t\t\t\t<div class=\"elementor-element elementor-element-6da2c04 elementor-align-center elementor-widget elementor-widget-button\" data-id=\"6da2c04\" data-element_type=\"widget\" data-widget_type=\"button.default\">\n\t\t\t\t<div class=\"elementor-widget-container\">\n\t\t\t\t\t<div class=\"elementor-button-wrapper\">\n\t\t\t<a href=\"#\" class=\"elementor-button-link elementor-button elementor-size-sm\" role=\"button\">\n\t\t\t\t\t\t<span class=\"elementor-button-content-wrapper\">\n\t\t\t\t\t\t<span class=\"elementor-button-text\">Hormig\u00f3n Armado<\/span>\n\t\t<\/span>\n\t\t\t\t\t<\/a>\n\t\t<\/div>\n\t\t\t\t<\/div>\n\t\t\t\t<\/div>\n\t\t\t\t\t<\/div>\n\t\t<\/div>\n\t\t\t\t<div class=\"elementor-column elementor-col-16 elementor-top-column elementor-element elementor-element-1b45ea2\" data-id=\"1b45ea2\" data-element_type=\"column\">\n\t\t\t<div class=\"elementor-widget-wrap elementor-element-populated\">\n\t\t\t\t\t\t\t\t<div class=\"elementor-element elementor-element-74c6d5a elementor-align-center elementor-widget elementor-widget-button\" data-id=\"74c6d5a\" data-element_type=\"widget\" data-widget_type=\"button.default\">\n\t\t\t\t<div class=\"elementor-widget-container\">\n\t\t\t\t\t<div class=\"elementor-button-wrapper\">\n\t\t\t<a href=\"#\" class=\"elementor-button-link elementor-button elementor-size-sm\" role=\"button\">\n\t\t\t\t\t\t<span class=\"elementor-button-content-wrapper\">\n\t\t\t\t\t\t<span class=\"elementor-button-text\">Movimiento de Suelos<\/span>\n\t\t<\/span>\n\t\t\t\t\t<\/a>\n\t\t<\/div>\n\t\t\t\t<\/div>\n\t\t\t\t<\/div>\n\t\t\t\t\t<\/div>\n\t\t<\/div>\n\t\t\t\t<div class=\"elementor-column elementor-col-16 elementor-top-column elementor-element elementor-element-b41bfa4\" data-id=\"b41bfa4\" data-element_type=\"column\">\n\t\t\t<div class=\"elementor-widget-wrap elementor-element-populated\">\n\t\t\t\t\t\t\t\t<div class=\"elementor-element elementor-element-e439a84 elementor-align-center elementor-widget elementor-widget-button\" data-id=\"e439a84\" data-element_type=\"widget\" data-widget_type=\"button.default\">\n\t\t\t\t<div class=\"elementor-widget-container\">\n\t\t\t\t\t<div class=\"elementor-button-wrapper\">\n\t\t\t<a href=\"#\" class=\"elementor-button-link elementor-button elementor-size-sm\" role=\"button\">\n\t\t\t\t\t\t<span class=\"elementor-button-content-wrapper\">\n\t\t\t\t\t\t<span class=\"elementor-button-text\">V\u00edas<\/span>\n\t\t<\/span>\n\t\t\t\t\t<\/a>\n\t\t<\/div>\n\t\t\t\t<\/div>\n\t\t\t\t<\/div>\n\t\t\t\t\t<\/div>\n\t\t<\/div>\n\t\t\t\t<div class=\"elementor-column elementor-col-16 elementor-top-column elementor-element elementor-element-8287c65\" data-id=\"8287c65\" data-element_type=\"column\">\n\t\t\t<div class=\"elementor-widget-wrap elementor-element-populated\">\n\t\t\t\t\t\t\t\t<div class=\"elementor-element elementor-element-641eba7 elementor-align-center elementor-widget elementor-widget-button\" data-id=\"641eba7\" data-element_type=\"widget\" data-widget_type=\"button.default\">\n\t\t\t\t<div class=\"elementor-widget-container\">\n\t\t\t\t\t<div class=\"elementor-button-wrapper\">\n\t\t\t<a href=\"#\" class=\"elementor-button-link elementor-button elementor-size-sm\" role=\"button\">\n\t\t\t\t\t\t<span class=\"elementor-button-content-wrapper\">\n\t\t\t\t\t\t<span class=\"elementor-button-text\">Ingenier\u00edas y Dise\u00f1o<\/span>\n\t\t<\/span>\n\t\t\t\t\t<\/a>\n\t\t<\/div>\n\t\t\t\t<\/div>\n\t\t\t\t<\/div>\n\t\t\t\t\t<\/div>\n\t\t<\/div>\n\t\t\t\t\t\t\t<\/div>\n\t\t<\/section>\n\t\t\t\t<section class=\"elementor-section elementor-top-section elementor-element elementor-element-1a9d64c elementor-section-boxed elementor-section-height-default elementor-section-height-default\" data-id=\"1a9d64c\" data-element_type=\"section\">\n\t\t\t\t\t\t\t<div class=\"elementor-background-overlay\"><\/div>\n\t\t\t\t\t\t\t<div class=\"elementor-container elementor-column-gap-default\">\n\t\t\t\t\t<div class=\"elementor-column elementor-col-50 elementor-top-column elementor-element elementor-element-1d9c8b2\" data-id=\"1d9c8b2\" data-element_type=\"column\">\n\t\t\t<div class=\"elementor-widget-wrap elementor-element-populated\">\n\t\t\t\t\t\t\t\t<div class=\"elementor-element elementor-element-470418f elementor-widget elementor-widget-spacer\" data-id=\"470418f\" data-element_type=\"widget\" data-widget_type=\"spacer.default\">\n\t\t\t\t<div class=\"elementor-widget-container\">\n\t\t\t<style>\/*! elementor - v3.6.5 - 27-04-2022 *\/\n.e-container.e-container--row .elementor-spacer-inner{width:var(--spacer-size)}.e-container.e-container--column .elementor-spacer-inner,.elementor-column .elementor-spacer-inner{height:var(--spacer-size)}<\/style>\t\t<div class=\"elementor-spacer\">\n\t\t\t<div class=\"elementor-spacer-inner\"><\/div>\n\t\t<\/div>\n\t\t\t\t<\/div>\n\t\t\t\t<\/div>\n\t\t\t\t<div class=\"elementor-element elementor-element-a002a63 elementor-widget elementor-widget-image\" data-id=\"a002a63\" data-element_type=\"widget\" data-widget_type=\"image.default\">\n\t\t\t\t<div class=\"elementor-widget-container\">\n\t\t\t<style>\/*! elementor - v3.6.5 - 27-04-2022 *\/\n.elementor-widget-image{text-align:center}.elementor-widget-image a{display:inline-block}.elementor-widget-image a img[src$=\".svg\"]{width:48px}.elementor-widget-image img{vertical-align:middle;display:inline-block}<\/style>\t\t\t\t\t\t\t\t\t\t\t\t<img decoding=\"async\" width=\"1024\" height=\"364\" src=\"https:\/\/maxhormigon.com\/wp-content\/uploads\/2022\/06\/MHAX-INGENIERIA-CIA-LTDA.--e1655940435912-1024x364.png\" class=\"attachment-large size-large\" alt=\"\" loading=\"lazy\" srcset=\"https:\/\/maxhormigon.com\/wp-content\/uploads\/2022\/06\/MHAX-INGENIERIA-CIA-LTDA.--e1655940435912-1024x364.png 1024w, https:\/\/maxhormigon.com\/wp-content\/uploads\/2022\/06\/MHAX-INGENIERIA-CIA-LTDA.--e1655940435912-600x213.png 600w, https:\/\/maxhormigon.com\/wp-content\/uploads\/2022\/06\/MHAX-INGENIERIA-CIA-LTDA.--e1655940435912-300x107.png 300w, https:\/\/maxhormigon.com\/wp-content\/uploads\/2022\/06\/MHAX-INGENIERIA-CIA-LTDA.--e1655940435912-768x273.png 768w, https:\/\/maxhormigon.com\/wp-content\/uploads\/2022\/06\/MHAX-INGENIERIA-CIA-LTDA.--e1655940435912.png 1071w\" sizes=\"(max-width: 1024px) 100vw, 1024px\" \/>\t\t\t\t\t\t\t\t\t\t\t\t\t\t\t<\/div>\n\t\t\t\t<\/div>\n\t\t\t\t\t<\/div>\n\t\t<\/div>\n\t\t\t\t<div class=\"elementor-column elementor-col-50 elementor-top-column elementor-element elementor-element-53fedaa\" data-id=\"53fedaa\" data-element_type=\"column\">\n\t\t\t<div class=\"elementor-widget-wrap elementor-element-populated\">\n\t\t\t\t\t\t\t\t<div class=\"elementor-element elementor-element-e1a2ada elementor-widget elementor-widget-spacer\" data-id=\"e1a2ada\" data-element_type=\"widget\" data-widget_type=\"spacer.default\">\n\t\t\t\t<div class=\"elementor-widget-container\">\n\t\t\t\t\t<div class=\"elementor-spacer\">\n\t\t\t<div class=\"elementor-spacer-inner\"><\/div>\n\t\t<\/div>\n\t\t\t\t<\/div>\n\t\t\t\t<\/div>\n\t\t\t\t<div class=\"elementor-element elementor-element-ebc7eb6 elementor-widget elementor-widget-heading\" data-id=\"ebc7eb6\" data-element_type=\"widget\" data-widget_type=\"heading.default\">\n\t\t\t\t<div class=\"elementor-widget-container\">\n\t\t\t<h2 class=\"elementor-heading-title elementor-size-default\">SOLUCIONES<\/h2>\t\t<\/div>\n\t\t\t\t<\/div>\n\t\t\t\t<div class=\"elementor-element elementor-element-6b3d78f elementor-widget elementor-widget-text-editor\" data-id=\"6b3d78f\" data-element_type=\"widget\" data-widget_type=\"text-editor.default\">\n\t\t\t\t<div class=\"elementor-widget-container\">\n\t\t\t<style>\/*! elementor - v3.6.5 - 27-04-2022 *\/\n.elementor-widget-text-editor.elementor-drop-cap-view-stacked .elementor-drop-cap{background-color:#818a91;color:#fff}.elementor-widget-text-editor.elementor-drop-cap-view-framed .elementor-drop-cap{color:#818a91;border:3px solid;background-color:transparent}.elementor-widget-text-editor:not(.elementor-drop-cap-view-default) .elementor-drop-cap{margin-top:8px}.elementor-widget-text-editor:not(.elementor-drop-cap-view-default) .elementor-drop-cap-letter{width:1em;height:1em}.elementor-widget-text-editor .elementor-drop-cap{float:left;text-align:center;line-height:1;font-size:50px}.elementor-widget-text-editor .elementor-drop-cap-letter{display:inline-block}<\/style>\t\t\t\t<p>BASAMOS NUESTRO TRABAJO EN EL USO DE TECNOL\u00d3GIA, MAQUINAR\u00cdA ADECUADA, Y SOBRE TODO EN EL TRABAJO\u00a0 DE PROFESIONALES ALTAMENTE COMPROMETIDOS CON LA INGENIER\u00cdA, PARA DESARROLLAR PROYECTOS DE INFRAESTRUCTURA QUE C\u00daMPLEN EL SIGUIENTE ORDEN:<\/p><p><strong>1.- Estudios\u00a0<\/strong><\/p><p><strong>2.- Dise\u00f1o<\/strong><\/p><p><strong>3.- Adecuaciones\u00a0<\/strong><\/p><p><strong>4.- Construcci\u00f3n<\/strong><\/p>\t\t\t\t\t\t<\/div>\n\t\t\t\t<\/div>\n\t\t\t\t\t<\/div>\n\t\t<\/div>\n\t\t\t\t\t\t\t<\/div>\n\t\t<\/section>\n\t\t\t\t\t\t\t<\/div>\n\t\t","protected":false},"excerpt":{"rendered":"<p>INGENIER\u00cdA Y CONSTRUCCI\u00d3N De infraestructura especializada Muros Estructura Met\u00e1lica Hormig\u00f3n Armado Movimiento de Suelos V\u00edas Ingenier\u00edas y Dise\u00f1o SOLUCIONES BASAMOS NUESTRO TRABAJO EN EL USO DE TECNOL\u00d3GIA, MAQUINAR\u00cdA ADECUADA, Y SOBRE TODO EN EL TRABAJO\u00a0 DE PROFESIONALES ALTAMENTE COMPROMETIDOS CON LA INGENIER\u00cdA, PARA DESARROLLAR PROYECTOS DE INFRAESTRUCTURA QUE C\u00daMPLEN EL SIGUIENTE ORDEN: 1.- Estudios\u00a0 2.- [&hellip;]<\/p>\n","protected":false},"author":1,"featured_media":0,"parent":0,"menu_order":0,"comment_status":"closed","ping_status":"closed","template":"elementor_canvas","meta":[],"_links":{"self":[{"href":"https:\/\/maxhormigon.com\/index.php\/wp-json\/wp\/v2\/pages\/215"}],"collection":[{"href":"https:\/\/maxhormigon.com\/index.php\/wp-json\/wp\/v2\/pages"}],"about":[{"href":"https:\/\/maxhormigon.com\/index.php\/wp-json\/wp\/v2\/types\/page"}],"author":[{"embeddable":true,"href":"https:\/\/maxhormigon.com\/index.php\/wp-json\/wp\/v2\/users\/1"}],"replies":[{"embeddable":true,"href":"https:\/\/maxhormigon.com\/index.php\/wp-json\/wp\/v2\/comments?post=215"}],"version-history":[{"count":28,"href":"https:\/\/maxhormigon.com\/index.php\/wp-json\/wp\/v2\/pages\/215\/revisions"}],"predecessor-version":[{"id":820,"href":"https:\/\/maxhormigon.com\/index.php\/wp-json\/wp\/v2\/pages\/215\/revisions\/820"}],"wp:attachment":[{"href":"https:\/\/maxhormigon.com\/index.php\/wp-json\/wp\/v2\/media?parent=215"}],"curies":[{"name":"wp","href":"https:\/\/api.w.org\/{rel}","templated":true}]}}